*2 - 2*o - 5. Let d(c) = 11*c**2 - 2*c - 6. Let m(b) = -4*d(b) + 5*h(b). Give m(4).
7
Suppose 3*u = -2*o + 14, 3*u + 2 = 2*o - 0*o. Let r(z) = -5 + u + z + 3 + 4. Give r(-9).
-5
Let d(m) = m**3 + 9*m**2 + 13*m + 9. Let c be -12 - ((6 - 4) + -6). Determine d(c).
-31
Let o(u) = -u + 9. Let m(j) = 9*j - 6. Let h be m(2). Suppose 2*z - s = -16, 2*s - 3 = -5*z - 43. Let q = h + z. Determine o(q).
5
Let n(o) be the third derivative of -o**6/120 + o**5/60 - o**4/24 - 5*o**3/6 + 25*o**2 + 4*o. Calculate n(0).
-5
Let i(y) be the third derivative of y**5/60 - 21*y**2. Let h(j) = 3*j**3 - 4*j**2 - j. Let m(f) = -h(f) - 3*i(f). Determine m(-1).
3
Let h(k) = k - 79. Let m be h(9). Let o be 9/(-15)*m/(-7). Let y(u) = -u**3 - 7*u**2 - 5*u + 1. Determine y(o).
-5
Suppose -2*q - f + 1 = -4, 0 = -3*q - 3*f. Suppose h + q = 6*h. Let v(g) = 5 + 4 + h - 4 - g. Calculate v(5).
1
Let q(k) = -k**3 - 5*k**2 - 3*k - 4. Let g(n) be the first derivative of -2*n**3/3 - n**2/2 + 2*n - 9. Let i be g(-2). What is q(i)?
-8
Let y(v) = v**3 - 2*v**2 + 5*v - 2. Let f(o) = -11*o - 327. Let h be f(-30). Determine y(h).
22
Let y(m) = 4*m**2 - m. Let v = 11 + 75. Let b = v + -88. What is y(b)?
18
Let o(s) = -2*s**3 - 17*s**2 + 9*s + 9. Let n = 1579 - 1588. What is o(n)?
9
Let h(t) be the second derivative of 5*t**3/6 + t**2 - 2*t + 57. What is h(-4)?
-18
Let i be -1*(-1)/((-2)/(-10)). Let r(d) = -d + 7. Let y(u) = -u + 4. Let m(t) = 2*r(t) - 3*y(t). Determine m(i).
7
Let h(b) = -8*b + 19. Let w(a) = -3*a + 9. Suppose 43*t - 48*t = -35. Let v(y) = t*w(y) - 3*h(y). Let g be (-2)/((3 - 1)/4). Calculate v(g).
-6
Let k(i) = i + 1. Suppose 8 = 4*x - 2*v, 3*v + 9 - 1 = 5*x. Suppose -35 = -x*f + z, 0 = -f + 3*z + 29 - 12. Suppose -f*d + 3*d - 20 = 0. Give k(d).
-3
Let l(s) = s + 36. Let g(q) = 2*q + 31. Let y(o) = -7*g(o) + 6*l(o). What is y(-4)?
31
Let i(v) = 9*v + 54. Let h be i(-6). Let r(c) = -c**3 + c**2 + c - 15. What is r(h)?
-15
Let r(k) = -3*k - 5. Let t(j) = 4*j + 4. Let b(g) = 3*r(g) + 2*t(g). Give b(-2).
-5
Let t(z) = z - 1. Let k(o) = 4*o - 4. Let x(g) = -k(g) + 3*t(g). Let p be x(-3). Suppose 5*q - 2*a = 2*a - 7, -a = q - p. Let j(i) = -9*i. Determine j(q).
-9
Let m be 2 + (3 - (-6)/(-2)). Let t(v) = -4*v + 2. Let c be t(m). Let u(z) = -2*z**2 - 19*z + 0*z**2 + 15*z + 6 + z**2 + 0*z**2. Determine u(c).
-6
Let t(x) be the second derivative of -x**6/120 + x**5/60 + x**4/24 - 4*x**3/3 - 3*x**2/2 + 19*x. Let b(u) be the first derivative of t(u). Calculate b(0).
-8
Suppose 0 = i - 5*a - 19, i + 3*a = 3*i - 17. Let x = -1 + i. Let q(p) = 2*p - p**x - 3 - 5*p + 5*p**2 + p. What is q(3)?
9
Let q(t) = t**3 + 5*t**2. Let b(s) be the first derivative of -s**4/4 + 2*s - 1. Let k be b(-2). Suppose -k = 2*z - 0. What is q(z)?
0
Let c(r) = r**3 + r**2 + 1. Let g(f) = 2*f**3 + 10*f**2 + 11*f - 9. Let n(d) = -3*c(d) + g(d). Let j = -17 - -25. Calculate n(j).
12
Let p(w) = -2*w**2 - 6*w. Suppose 14*c = -31 - 25. Determine p(c).
-8
Let c(j) = 3*j. Let a be (30/35)/(6/56). Suppose 11 = 3*m + a. Determine c(m).
3
Let u(m) = -2*m + 1. Let s(n) = -n + 2. Let h(q) = 2*s(q) - 3*u(q). Let v(f) = -198*f + 2 + 4*f**2 + 0 + 193*f + f**3. Let x be v(-5). Give h(x).
9
Suppose -3*z = -26 + 56. Let u(v) = v**2 + 6*v - 10. Determine u(z).
30
Let i(o) be the third derivative of o**5/30 + 13*o**4/8 + 8*o**3/3 + 368*o**2. Calculate i(-19).
-3
Let z = 54 + -58. Let v(p) = -3*p**2 - 6*p + 5. Let i(b) = 2*b**2 + 6*b - 4. Let g(s) = z*i(s) - 3*v(s). Give g(5).
-4
Let w(g) = -g**3 - 16*g**2 + g + 23. Let l be w(-16). Let d(b) = -18*b + 3*b + l*b - 2 + 6*b. What is d(-2)?
2
Let o be (1 - (3 + -4)) + -48. Let r = 44 + o. Let t(k) = -4*k**3 - 2*k**2 + 2*k. Calculate t(r).
20
Suppose -4*p + 2*p = 14. Let x(d) be the first derivative of -3 - 3*d - 1/4*d**4 - 7/3*d**3 + 0*d**2. Give x(p).
-3
Let b be (-4)/1 - (19 - 12). Let x = b - -18. Let s(m) = m**2 - 6*m - 7. What is s(x)?
0
Let b(m) = 13*m - 193. Let u be b(15). Let l(d) = -d**3 + 2*d**2 - d - 1. Calculate l(u).
-3
Let s be 12/2 + -3 + 1. Suppose -s*x + 10 + 2 = 0. Let h(m) = -4*m**2 + m**x - 4*m**2 + 6*m + 3*m**2 - 2*m**2 - 8. What is h(6)?
-8
Let m(y) be the second derivative of y**4/12 + 5*y**3/6 - y**2 - 4*y + 19. Give m(3).
22
Let l(m) = -3*m + 8. Let y = 351 - 342. What is l(y)?
-19
Let b(r) = 17*r**3 + 28*r**2 - r - 28. Let a(z) = -12*z**3 - 19*z**2 + z + 19. Let t(w) = -7*a(w) - 5*b(w). What is t(-7)?
21
Let s be 0 + 18/42 + 118/(-14). Let r(j) = -j**2 - 5*j + 9. Determine r(s).
-15
Suppose -5*g - u + 12 = 0, -11 = 3*g + 5*u - 5. Let p(n) = -4*n - n + 2*n**2 + g - 1. Let j(t) = 2*t**2 - 3*t + 2. Let d be j(2). What is p(d)?
14
Let f(i) be the third derivative of -i**3 + 0*i + 6*i**2 + 0 + 1/12*i**4 + 1/15*i**5. Let c(b) = -7*b**2 - 3*b + 11. Let q(t) = 3*c(t) + 5*f(t). Calculate q(3).
-3
Suppose 0 = 4*z - 4*p + 6*p - 14, 12 = 4*z + 4*p. Let g(b) = b**3 - 4*b**2 - b + 4. What is g(z)?
0
Let q(z) = -3*z + 4. Let l = -1 + 4. Suppose -l*v - 10 = 4*h - 5, -4*v - 4*h = 0. Suppose -4*u + 21 = 3*g, 0 = -v*g - 2*u - u + 24. Calculate q(g).
-5
Let m = -1 + 3. Let i(c) = 5 + m*c**2 + 1 + 0*c + 4*c**3 - 5 - 2*c. Determine i(1).
5
Suppose -x - 3 = -5. Suppose 8 - x = 2*j. Let b(p) = 0*p - 4*p + j*p - 3. Give b(-6).
3
Let n(y) = -y - 2. Let s be n(-6). Let b(f) be the first derivative of 0*f**2 + 5 - 4/3*f**3 + 1/4*f**4 - 5*f. Determine b(s).
-5
Let p = 7 - 0. Let v(m) be the third derivative of m**4/24 - 3*m**3/2 + 468*m**2. What is v(p)?
-2
Let n = -12 + 7. Let b(j) = -2*j + 6 + 3*j - 2*j. Calculate b(n).
11
Let v(f) = -7*f**3 - 5*f**2. Let w(o) = o**3 + o. Let b be (-3 + (-3 - -4))/2. Let i(z) = b*v(z) - 6*w(z). Let h = -21 + 15. Give i(h).
0
Let l be 6/10 - 308/(-70). Let j(s) = -s - 3. Determine j(l).
-8
Let a(q) = -10*q - 8*q - 8 + 15*q. Suppose f + 31 = -5*x, f = 4*f - x + 13. Give a(f).
10
Let u(z) be the second derivative of -z**5/60 + 7*z**4/24 - 2*z**3/3 - 3*z**2 - 20*z. Let v(c) be the first derivative of u(c). Give v(5).
6
Let x(u) = 2*u + 3. Let v(z) = 1. Let a(s) = 5*v(s) - x(s). Suppose -3*d + 4 + 5 = 0. Give a(d).
-4
Let q(k) = -k**3 - 5*k**2 - 4*k - 1. Let l = 9 - 7. Suppose -4*p = -0*p - a - 41, a + 23 = l*p. Let h(m) = m**2 - 8*m - 12. Let n be h(p). Give q(n).
-7
Let v(k) = 3 - k**3 + 65*k**2 - 5 + 3 - 67*k**2. What is v(-3)?
10
Let f(x) be the second derivative of -x**5/20 - 5*x**4/12 + 4*x**3/3 - 69*x. What is f(-6)?
-12
Let k(y) = y**3 + 2*y**2 - 4*y - 4. Let a(c) = 6*c**2 - 212*c + 66. Let w be a(35). Determine k(w).
-20
Let t(h) = -1 + 13 - 9 + 3*h**2 + 4*h - h**3. Let p be t(4). Let k(l) = -4*l + 4 + 1 - 1 + p*l. What is k(-4)?
8
Let w be 0*(-1 - 0)/(-2). Suppose w = -3*n - 11 + 17. Let g(c) = -7*c**2 + c + 2. Give g(n).
-24
Let a(y) be the second derivative of y**4/3 - y**3/2 + y**2/2 - y + 450. What is a(3)?
28
Let m(k) = -k**2 - 6*k - 7. Let w(y) = -y**2 - 8*y. Let b be w(4). Let c = b + 42. Determine m(c).
-7
Let f = -962 - -965. Let r(y) = -3*y**2 - 2*y + 2. Give r(f).
-31
Let v = -67 + 66. Let l(m) = -m - 3. Let k(y) = -1. Let n(c) = v*k(c) - l(c). Calculate n(-5).
-1
Let b(c) = 6*c - 18. Let i = 340 + -335. Give b(i).
12
Let w(u) = -2*u**3 + 4*u**2 - 3*u + 2. Let q = -466 + 468. Calculate w(q).
-4
Let a(y) be the third derivative of y**5/60 + 5*y**4/12 + 3*y**3/2 - 6*y**2 - 2. Calculate a(-9).
0
Let j(w) = 5*w + 49. Suppose 0 = -5*s - 3*p - 36, 0 = -5*s + 3*s + p - 21. What is j(s)?
4
Let s be (-60)/(-105)*-14 - 1*-3. Let d(q) = q**2 + q - 26. Give d(s).
-6
Let o(i) = -149*i - i**2 + 0 - 5 + 151*i. Calculate o(2).
-5
Let k(p) be the second derivative of -p**3/3 + p**2 - 52*p. Determine k(3).
-4
Suppose -304 - 35 = -3*v. Let b = -116 + v. Let o(l) = 3*l + 3. Determine o(b).
-6
Let o(y) = -2*y**2 - 8*y - 4. Let p = -48 - -53. Suppose -8*r = -p*r + 15. Determine o(r).
-14
Let l(m) = 4408 - 4414 - m + 4*m. What is l(10)?
24
Let k(a) = -a**2 + 10*a + 15. Let u be k(11). Let b be 16/(0 + u) + -4. Let f(d) = -4*d + b + 2*d + 5 + 3*d. Give f(-4).
1
Let o = 1 - -7. Let d(x) = 1 - 11*x**3 + 4*x**3 + 5*x**2 + 6*x**3 + o*x - 3*x. Suppose 0 = -3*s + 5*s - 12. Determine d(s).
-5
Let m(b) = -b**2 + 7*b - 3. Let x be m(3). Let v(a) = -a**2 + 11*a - 3. What is v(x)?
15
Let v(f) = -2 + 7 - 3 - 2*f - 3*f**2 - 3 - 4*f**2. Let j = 7 - 2. Suppose -2*u - j = 